623?
43
Calculate the greatest common factor of 2771 and 17.
17
What is the highest common divisor of 75 and 150?
75
Calculate the highest common divisor of 325 and 13.
13
What is the highest common factor of 124 and 28?
4
What is the highest common divisor of 2567 and 34?
17
Calculate the highest common divisor of 98 and 42.
14
What is the highest common factor of 203 and 7?
7
What is the greatest common factor of 76 and 11666?
38
What is the greatest common factor of 722 and 209?
19
Calculate the highest common divisor of 4872 and 168.
168
Calculate the highest common divisor of 411 and 24.
3
What is the greatest common factor of 4635 and 55?
5
What is the greatest common factor of 345 and 805?
115
What is the greatest common factor of 50 and 7450?
50
What is the highest common divisor of 421 and 1?
1
What is the highest common factor of 14 and 1939?
7
What is the greatest common divisor of 246 and 95694?
246
What is the greatest common factor of 152 and 16036?
76
Calculate the highest common divisor of 25 and 1025.
25
What is the highest common factor of 138 and 2254?
46
Calculate the greatest common factor of 10065 and 99.
33
Calculate the highest common factor of 18 and 3102.
6
Calculate the highest common factor of 16090 and 10.
10
Calculate the greatest common factor of 3 and 179.
1
Calculate the greatest common factor of 356 and 89.
89
What is the greatest common factor of 18 and 1215?
9
What is the greatest common factor of 70 and 1310?
10
Calculate the highest common divisor of 3168 and 16236.
396
What is the greatest common divisor of 16 and 2744?
8
Calculate the highest common factor of 38 and 152.
38
Calculate the greatest common factor of 186 and 186.
186
Calculate the highest common factor of 81 and 324.
81
Calculate the greatest common divisor of 2075 and 996.
83
What is the highest common factor of 4 and 296?
4
What is the highest common factor of 3 and 75?
3
What is the greatest common divisor of 5 and 185?
5
What is the highest common divisor of 1467 and 163?
163
What is the greatest common divisor of 176 and 5456?
176
What is the greatest common factor of 20088 and 279?
279
What is the greatest common divisor of 2701 and 73?
73
What is the greatest common factor of 11 and 308?
11
Calculate the greatest common factor of 3586 and 22.
22
What is the greatest common divisor of 29 and 2987?
29
What is the highest common divisor of 1587 and 253?
23
What is the highest common factor of 3272 and 24?
8
What is the greatest common factor of 94 and 28858?
94
Calculate the highest common divisor of 6408 and 8.
8
What is the highest common divisor of 5405 and 47?
47
What is the greatest common divisor of 58 and 261?
29
What is the highest common factor of 68 and 204?
68
Calculate the greatest common factor of 25 and 240.
5
Calculate the greatest common factor of 630 and 756.
126
What is the greatest common divisor of 62568 and 396?
396
What is the highest common factor of 45 and 486?
9
What is the greatest common divisor of 63 and 483?
21
What is the highest common factor of 60 and 3516?
12
Calculate the highest common divisor of 252 and 171.
9
What is the greatest common divisor of 460 and 299?
23
Calculate the greatest common divisor of 16 and 16.
16
What is the highest common divisor of 8 and 136?
8
Calculate the highest common divisor of 323 and 187.
17
What is the greatest common factor of 168 and 3336?
24
What is the greatest common factor of 310 and 30?
10
Calculate the highest common factor of 80 and 10.
10
What is the highest common factor of 18184 and 16?
8
What is the highest common factor of 24015 and 15?
15
What is the greatest common divisor of 14 and 6034?
14
What is the greatest common factor of 78 and 882?
6
Calculate the greatest common factor of 5 and 12.
1
Calculate the highest common factor of 780 and 7540.
260
Calculate the highest common divisor of 2160 and 480.
240
What is the highest common factor of 777 and 21?
21
What is the highest common factor of 756 and 14?
14
What is the highest common factor of 5 and 245?
5
Calculate the highest common divisor of 300 and 3200.
100
Calculate the greatest common divisor of 161 and 92.
23
Calculate the greatest common factor of 564 and 132.
12
Calculate the greatest common factor of 159 and 3.
3
What is the greatest common factor of 560 and 455?
35
Calculate the highest common divisor of 80 and 50.
10
What is the highest common factor of 658 and 56?
14
Calculate the highest common divisor of 1196 and 69.
23
Calculate the highest common divisor of 720 and 320.
80
What is the highest common divisor of 230 and 207?
23
Calculate the highest common divisor of 5436 and 8.
4
What is the highest common divisor of 10635 and 105?
15
Calculate the highest common factor of 15020 and 180.
20
What is the greatest common factor of 2260 and 60?
20
Calculate the highest common divisor of 28 and 112.
28
What is the highest common divisor of 54 and 783?
27
Calculate the highest common factor of 272 and 20.
4
What is the highest common divisor of 590 and 60?
10
Calculate the greatest common divisor of 442 and 78.
26
Calculate the greatest common divisor of 287 and 451.
41
What is the highest common factor of 32 and 12?
4
Calculate the greatest common divisor of 159 and 6837.
159
Calculate the greatest common divisor of 176 and 1136.
16
Calculate the highest common factor of 126 and 140.
14
What is the highest common factor of 198 and 22?
22
Calculate the greatest common divisor of 22 and 34.
2
Calculate the greatest common factor of 3 and 375.
3
What is the greatest common divisor of 64 and 9712?
16
Calculate the greatest common factor of 243 and 1143.
9
What is the greatest common divisor of 90 and 990?
90
Calculate the highest common factor of 69 and 7107.
69
What is the greatest common divisor of 282 and 12?
6
What is the highest common divisor of 34 and 28492?
34
What is the greatest common factor of 4 and 9?
1
What is the highest common factor of 136 and 102?
34
Calculate the greatest common divisor of 3030 and 870.
30
What is the highest common factor of 1596 and 28?
28
What is the greatest common factor of 4466 and 11?
11
What is the highest common divisor of 7031 and 79?
79
Calculate the greatest common factor of 297 and 1944.
27
What is the highest common factor of 1376 and 129?
43
What is the greatest common factor of 824 and 2678?
206
What is the greatest common divisor of 286 and 55?
11
Calculate the greatest common factor of 13 and 1261.
13
Calculate the greatest common factor of 156 and 52.
52
What is the highest common divisor of 60 and 912?
12
Calculate the highest common factor of 2760 and 3565.
115
Calculate the highest common divisor of 54 and 297.
27
What is the highest common factor of 486 and 3?
3
Calculate the highest common divisor of 803 and 146.
73
What is the highest common divisor of 58 and 1450?
58
Calculate the greatest common factor of 1812 and 12.
12
Calculate the highest common factor of 228 and 3363.
57
Calculate the greatest common divisor of 1310 and 160.
10
Calculate the highest common divisor of 384 and 3968.
128
Calculate the highest common divisor of 136 and 85.
17
What is the greatest common divisor of 48 and 464?
16
Calculate the greatest common divisor of 115 and 6785.
115
Calculate the highest common factor of 17 and 16337.
17
Calculate the greatest common factor of 630 and 98.
14
Calculate the highest common divisor of 16 and 248.
8
What is the highest common divisor of 12 and 582?
6
Calculate the greatest common divisor of 24 and 424.
8
What is the highest common divisor of 4130 and 210?
70
What is the greatest common factor of 34 and 459?
17
What is the highest common divisor of 469 and 1541?
67
What is the greatest common factor of 9 and 72?
9
What is the highest common divisor of 44 and 286?
22
What is the greatest common factor of 240 and 1800?
120
Calculate the greatest common divisor of 844 and 5486.
422
What is the highest common divisor of 408 and 12?
12
What is the greatest common divisor of 83 and 83?
83
What is the highest common factor of 2058 and 18?
6
What is the greatest common factor of 520 and 104?
104
Calculate the greatest common factor of 6 and 2838.
6
Calculate the highest common divisor of 288 and 32.
32
What is the highe